{"id":1029,"date":"2024-03-09T09:33:27","date_gmt":"2024-03-09T08:33:27","guid":{"rendered":"https:\/\/hamme-solutions.eu\/?page_id=1029"},"modified":"2024-03-09T09:55:23","modified_gmt":"2024-03-09T08:55:23","slug":"allgemeine-geschaeftsbedingungen","status":"publish","type":"page","link":"https:\/\/hamme-solutions.eu\/index.php\/allgemeine-geschaeftsbedingungen\/","title":{"rendered":"ALLGEMEINE GESCH\u00c4FTSBEDINGUNGEN"},"content":{"rendered":"\t\t<div data-elementor-type=\"wp-page\" data-elementor-id=\"1029\" class=\"elementor elementor-1029\" data-elementor-post-type=\"page\">\n\t\t\t\t<div class=\"elementor-element elementor-element-1ca63e2 e-flex e-con-boxed e-con e-parent\" data-id=\"1ca63e2\" data-element_type=\"container\" data-e-type=\"container\">\n\t\t\t\t\t<div class=\"e-con-inner\">\n\t\t\t\t<div class=\"elementor-element elementor-element-54a2231 elementor-widget elementor-widget-heading\" data-id=\"54a2231\" data-element_type=\"widget\" data-e-type=\"widget\" data-widget_type=\"heading.default\">\n\t\t\t\t<div class=\"elementor-widget-container\">\n\t\t\t\t\t<h3 class=\"elementor-heading-title elementor-size-default\">ALLGEMEINE GESCH\u00c4FTSBEDINGUNGEN<\/h3>\t\t\t\t<\/div>\n\t\t\t\t<\/div>\n\t\t\t\t\t<\/div>\n\t\t\t\t<\/div>\n\t\t<div class=\"elementor-element elementor-element-391f207 e-flex e-con-boxed e-con e-parent\" data-id=\"391f207\" data-element_type=\"container\" data-e-type=\"container\">\n\t\t\t\t\t<div class=\"e-con-inner\">\n\t\t<div class=\"elementor-element elementor-element-acb2ce0 e-con-full e-flex e-con e-child\" data-id=\"acb2ce0\" data-element_type=\"container\" data-e-type=\"container\" data-settings=\"{&quot;background_background&quot;:&quot;classic&quot;}\">\n\t\t\t\t<div class=\"elementor-element elementor-element-d0dedaa elementor-widget elementor-widget-heading\" data-id=\"d0dedaa\" data-element_type=\"widget\" data-e-type=\"widget\" data-widget_type=\"heading.default\">\n\t\t\t\t<div class=\"elementor-widget-container\">\n\t\t\t\t\t<h6 class=\"elementor-heading-title elementor-size-default\">1. T\u00e4tigkeit<\/h6>\t\t\t\t<\/div>\n\t\t\t\t<\/div>\n\t\t\t\t<div class=\"elementor-element elementor-element-3a7c8e7 elementor-widget elementor-widget-text-editor\" data-id=\"3a7c8e7\" data-element_type=\"widget\" data-e-type=\"widget\" data-widget_type=\"text-editor.default\">\n\t\t\t\t<div class=\"elementor-widget-container\">\n\t\t\t\t\t\t\t\t\t<p class=\"Standard\"><em>Der Auftragnehmer verpflichtet sich zur ordnungsgem\u00e4\u00dfen und fachgerechten Erbringung der Leistung. Er ist dabei den Standards und Positionen der Deutschen Gesellschaft f\u00fcr Familientherapie (DGSF) und \u00a0der Systemischen Gesellschaft (SG) verpflichtet.<\/em><\/p>\t\t\t\t\t\t\t\t<\/div>\n\t\t\t\t<\/div>\n\t\t\t\t<\/div>\n\t\t<div class=\"elementor-element elementor-element-02d6cee e-con-full e-flex e-con e-child\" data-id=\"02d6cee\" data-element_type=\"container\" data-e-type=\"container\" data-settings=\"{&quot;background_background&quot;:&quot;classic&quot;}\">\n\t\t\t\t<div class=\"elementor-element elementor-element-37c124e elementor-widget elementor-widget-heading\" data-id=\"37c124e\" data-element_type=\"widget\" data-e-type=\"widget\" data-widget_type=\"heading.default\">\n\t\t\t\t<div class=\"elementor-widget-container\">\n\t\t\t\t\t<h6 class=\"elementor-heading-title elementor-size-default\">2. Schweigepflicht, Datenschutz<\/h6>\t\t\t\t<\/div>\n\t\t\t\t<\/div>\n\t\t\t\t<div class=\"elementor-element elementor-element-3b81be7 elementor-widget elementor-widget-text-editor\" data-id=\"3b81be7\" data-element_type=\"widget\" data-e-type=\"widget\" data-widget_type=\"text-editor.default\">\n\t\t\t\t<div class=\"elementor-widget-container\">\n\t\t\t\t\t\t\t\t\t<ol><li><em>Der gesamte Therapie-, Beratungs- oder Supervisionsprozess unterliegt der Schweigepflicht. Auch der\/die Auftraggeber*in darf weder den Beratungsprozess noch Teile davon anderen oder der \u00d6ffentlichkeit zug\u00e4nglich machen. Jede (auch auszugsweise) Ver\u00f6ffentlichung ist untersagt. Die Schweigepflicht gilt auch \u00fcber das Ende des Vertrages hinaus.<\/em><\/li><li><em>Auftraggeber*in und Auftragnehmer*in verpflichten sich, auch die Zugangsger\u00e4te (PC, Tablet etc\u2026) zum<\/em>\u00a0<em>Beratungsprozess und die jeweiligen Passw\u00f6rter zu sch\u00fctzen. Der Auftragnehmer erstellt keine weiteren digitalen Aufzeichnungen\/Notizen etc und sucht keine Informationen \u00fcber den\/die Auftraggeber*in im Netz.<\/em><\/li><li><em>Der Auftragnehmer verpflichtet sich, alle ihm w\u00e4hrend seiner T\u00e4tigkeit bekannt gewordenen pers\u00f6nlichen<\/em>\u00a0<em>Angelegenheiten, Gesch\u00e4fts- und Betriebsgeheimnisse und sonstigen gesch\u00e4ftlichen und betrieblichen Tatsachen nur im Rahmen der Therapie-, Beratungs- oder Supervisionst\u00e4tigkeit f\u00fcr den Auftraggeber zu verwenden. Der Auftraggeber gestattet dem Auftragnehmer, Inhalte der Supervision oder den supervisorischen Prozess im Ganzen zur Sicherung der Qualit\u00e4t in eine ebenfalls der Schweigepflicht unterliegende Kontrollsupervision einzubringen.<\/em><\/li><li><em>Sollten dem Auftraggeber Informationen oder Unterlagen zur Aus\u00fcbung seiner T\u00e4tigkeit ausgeh\u00e4ndigt werden, verpflichtet sich dieser, diese ordnungsgem\u00e4\u00df und gesch\u00fctzt aufzubewahren.<\/em><\/li><li><em>Unmittelbar nach Beendigung dieses Vertrages hat der Auftragnehmer s\u00e4mtliche Schriftst\u00fccke und Materialien, zu deren Aufbewahrung er gem\u00e4\u00df \u00a7 2,4. verpflichtet ist, an den Auftraggeber herauszugeben bzw. zu l\u00f6schen.<\/em><\/li><li><em>Der\/die Auftragnehmer*in verpflichtet sich, unmittelbar nach Beendigung des Therapie-, Beratungs-, Supervisionsprozesses den gesamten Verlauf aus dem virtuellen Beratungsraum zu l\u00f6schen.<\/em><\/li><li><em>Nach Beendigung des Therapie-, Beratungs- oder Supervisionsprozesses erlischt der Zugang zum virtuellen Beratungsraum.<\/em><\/li><\/ol>\t\t\t\t\t\t\t\t<\/div>\n\t\t\t\t<\/div>\n\t\t\t\t<\/div>\n\t\t\t\t\t<\/div>\n\t\t\t\t<\/div>\n\t\t<div class=\"elementor-element elementor-element-07dae84 e-flex e-con-boxed e-con e-parent\" data-id=\"07dae84\" data-element_type=\"container\" data-e-type=\"container\">\n\t\t\t\t\t<div class=\"e-con-inner\">\n\t\t<div class=\"elementor-element elementor-element-14ac436 e-con-full e-flex e-con e-child\" data-id=\"14ac436\" data-element_type=\"container\" data-e-type=\"container\" data-settings=\"{&quot;background_background&quot;:&quot;classic&quot;}\">\n\t\t\t\t<div class=\"elementor-element elementor-element-0e0d4f7 elementor-widget elementor-widget-heading\" data-id=\"0e0d4f7\" data-element_type=\"widget\" data-e-type=\"widget\" data-widget_type=\"heading.default\">\n\t\t\t\t<div class=\"elementor-widget-container\">\n\t\t\t\t\t<h6 class=\"elementor-heading-title elementor-size-default\">3. Nebenabreden und Vertrags\u00e4nderungen<\/h6>\t\t\t\t<\/div>\n\t\t\t\t<\/div>\n\t\t\t\t<div class=\"elementor-element elementor-element-7da4252 elementor-widget elementor-widget-text-editor\" data-id=\"7da4252\" data-element_type=\"widget\" data-e-type=\"widget\" data-widget_type=\"text-editor.default\">\n\t\t\t\t<div class=\"elementor-widget-container\">\n\t\t\t\t\t\t\t\t\t<p class=\"Standard\"><em>M\u00fcndliche Nebenabreden bestehen zum Zeitpunkt des Vertragsabschlusses nicht. \u00c4nderungen und Erg\u00e4nzungen dieses Vertrages bed\u00fcrfen zu ihrer Wirksamkeit der Schriftform.<\/em><\/p>\t\t\t\t\t\t\t\t<\/div>\n\t\t\t\t<\/div>\n\t\t\t\t<\/div>\n\t\t\t\t\t<\/div>\n\t\t\t\t<\/div>\n\t\t<div class=\"elementor-element elementor-element-54c6b1a e-flex e-con-boxed e-con e-parent\" data-id=\"54c6b1a\" data-element_type=\"container\" data-e-type=\"container\">\n\t\t\t\t\t<div class=\"e-con-inner\">\n\t\t<div class=\"elementor-element elementor-element-8e45f4b e-con-full e-flex e-con e-child\" data-id=\"8e45f4b\" data-element_type=\"container\" data-e-type=\"container\" data-settings=\"{&quot;background_background&quot;:&quot;classic&quot;}\">\n\t\t\t\t<div class=\"elementor-element elementor-element-a8c2137 elementor-widget elementor-widget-heading\" data-id=\"a8c2137\" data-element_type=\"widget\" data-e-type=\"widget\" data-widget_type=\"heading.default\">\n\t\t\t\t<div class=\"elementor-widget-container\">\n\t\t\t\t\t<h6 class=\"elementor-heading-title elementor-size-default\">4. Krankenversicherung \/ Aus\u00fcbung der Heilkunde<\/h6>\t\t\t\t<\/div>\n\t\t\t\t<\/div>\n\t\t\t\t<div class=\"elementor-element elementor-element-6be4cd0 elementor-widget elementor-widget-text-editor\" data-id=\"6be4cd0\" data-element_type=\"widget\" data-e-type=\"widget\" data-widget_type=\"text-editor.default\">\n\t\t\t\t<div class=\"elementor-widget-container\">\n\t\t\t\t\t\t\t\t\t<p><em>Der Auftragnehmer weist darauf hin, dass er nicht kassenzugelassen ist.<\/em><\/p><p><em>Der Auftragnehmer weist ebenfalls darauf hin, dass er in keiner Weise heilkundlich t\u00e4tig ist. Inhalt der<\/em><\/p><p><em>Therapie\/ Beratung\/ Supervision sind ausschlie\u00dflich berufliche, systemische und (psycho-)soziale Konflikte im weitesten Sinn.<\/em><\/p>\t\t\t\t\t\t\t\t<\/div>\n\t\t\t\t<\/div>\n\t\t\t\t<\/div>\n\t\t\t\t\t<\/div>\n\t\t\t\t<\/div>\n\t\t<div class=\"elementor-element elementor-element-2208105 e-flex e-con-boxed e-con e-parent\" data-id=\"2208105\" data-element_type=\"container\" data-e-type=\"container\">\n\t\t\t\t\t<div class=\"e-con-inner\">\n\t\t<div class=\"elementor-element elementor-element-69be600 e-con-full e-flex e-con e-child\" data-id=\"69be600\" data-element_type=\"container\" data-e-type=\"container\" data-settings=\"{&quot;background_background&quot;:&quot;classic&quot;}\">\n\t\t\t\t<div class=\"elementor-element elementor-element-16a43db elementor-widget elementor-widget-heading\" data-id=\"16a43db\" data-element_type=\"widget\" data-e-type=\"widget\" data-widget_type=\"heading.default\">\n\t\t\t\t<div class=\"elementor-widget-container\">\n\t\t\t\t\t<h6 class=\"elementor-heading-title elementor-size-default\">5. Suizidandrohung<\/h6>\t\t\t\t<\/div>\n\t\t\t\t<\/div>\n\t\t\t\t<div class=\"elementor-element elementor-element-d75c6ac elementor-widget elementor-widget-text-editor\" data-id=\"d75c6ac\" data-element_type=\"widget\" data-e-type=\"widget\" data-widget_type=\"text-editor.default\">\n\t\t\t\t<div class=\"elementor-widget-container\">\n\t\t\t\t\t\t\t\t\t<p><em>Der Auftragnehmer weist darauf hin, dass er bei einer deutlich ge\u00e4u\u00dferten Ank\u00fcndigung einer Suizidabsicht gezwungen ist (\u00a7 34 Strafgesetzbuch \u2013 Rechtfertigender Notstand), die Beh\u00f6rden einzuschalten.<\/em><\/p>\t\t\t\t\t\t\t\t<\/div>\n\t\t\t\t<\/div>\n\t\t\t\t<\/div>\n\t\t\t\t\t<\/div>\n\t\t\t\t<\/div>\n\t\t<div class=\"elementor-element elementor-element-2bc81dc e-flex e-con-boxed e-con e-parent\" data-id=\"2bc81dc\" data-element_type=\"container\" data-e-type=\"container\">\n\t\t\t\t\t<div class=\"e-con-inner\">\n\t\t<div class=\"elementor-element elementor-element-64039e1 e-con-full e-flex e-con e-child\" data-id=\"64039e1\" data-element_type=\"container\" data-e-type=\"container\" data-settings=\"{&quot;background_background&quot;:&quot;classic&quot;}\">\n\t\t\t\t<div class=\"elementor-element elementor-element-260be20 elementor-widget elementor-widget-heading\" data-id=\"260be20\" data-element_type=\"widget\" data-e-type=\"widget\" data-widget_type=\"heading.default\">\n\t\t\t\t<div class=\"elementor-widget-container\">\n\t\t\t\t\t<h6 class=\"elementor-heading-title elementor-size-default\">6. Haftungsausschluss<\/h6>\t\t\t\t<\/div>\n\t\t\t\t<\/div>\n\t\t\t\t<div class=\"elementor-element elementor-element-3d193cf elementor-widget elementor-widget-text-editor\" data-id=\"3d193cf\" data-element_type=\"widget\" data-e-type=\"widget\" data-widget_type=\"text-editor.default\">\n\t\t\t\t<div class=\"elementor-widget-container\">\n\t\t\t\t\t\t\t\t\t<p><em>Der Auftragnehmer \u00fcbernimmt keinerlei Verantwortung f\u00fcr die Handlungen eines Ratsuchenden. Bei wichtigen rechtlichen, medizinischen, seelischen, wirtschaftlichen und anderen schwerwiegenden Situationen sollten daher immer auch weitere Fachleute befragt werden. Der Auftraggeber beh\u00e4lt in allen vom Auftragnehmer angebotenen Beratungs- und Therapieformen die Verantwortung f\u00fcr sich selbst und nimmt diese aktiv wahr.<\/em><\/p><p><em>Der Auftragnehmer schlie\u00dft jede Haftung f\u00fcr in Supervision oder Beratung\/ Therapie entstandene Ph\u00e4nomene aus.<\/em><\/p>\t\t\t\t\t\t\t\t<\/div>\n\t\t\t\t<\/div>\n\t\t\t\t<\/div>\n\t\t\t\t\t<\/div>\n\t\t\t\t<\/div>\n\t\t<div class=\"elementor-element elementor-element-b0d3c77 e-flex e-con-boxed e-con e-parent\" data-id=\"b0d3c77\" data-element_type=\"container\" data-e-type=\"container\">\n\t\t\t\t\t<div class=\"e-con-inner\">\n\t\t<div class=\"elementor-element elementor-element-3a368b2 e-con-full e-flex e-con e-child\" data-id=\"3a368b2\" data-element_type=\"container\" data-e-type=\"container\" data-settings=\"{&quot;background_background&quot;:&quot;classic&quot;}\">\n\t\t\t\t<div class=\"elementor-element elementor-element-ae546ed elementor-widget elementor-widget-heading\" data-id=\"ae546ed\" data-element_type=\"widget\" data-e-type=\"widget\" data-widget_type=\"heading.default\">\n\t\t\t\t<div class=\"elementor-widget-container\">\n\t\t\t\t\t<h6 class=\"elementor-heading-title elementor-size-default\">7. Widerruf<\/h6>\t\t\t\t<\/div>\n\t\t\t\t<\/div>\n\t\t\t\t<div class=\"elementor-element elementor-element-7ad731c elementor-widget elementor-widget-text-editor\" data-id=\"7ad731c\" data-element_type=\"widget\" data-e-type=\"widget\" data-widget_type=\"text-editor.default\">\n\t\t\t\t<div class=\"elementor-widget-container\">\n\t\t\t\t\t\t\t\t\t<p><em>Beide Parteien sind an eine 14-t\u00e4gige Widerruffrist des Vertrags gebunden, auch wenn der Vertragsabschluss nur mit Hilfe elektronischer Medien und ohne pers\u00f6nlichen Kontakt zustande kam (i.S.d.Art. 246a \u00a71 Abs. 2 S. 2 EGBGB) Der Auftraggeber tr\u00e4gt die \u00a0Kosten f\u00fcr R\u00fcck\u00fcberweisungen innerhalb der 14-t\u00e4gigen Widerruffrist. Ebenso wird eine Verwaltungsaufwandsentsch\u00e4digung von 50,- \u20ac pauschal einbehalten. Nach Ablauf der 14-t\u00e4gigen Widerruffrist des Vertrages werden keinerlei Kosten zur\u00fcckerstattet. Dieses beinhaltet auch die Mehrfachbuchungen.<\/em><\/p>\t\t\t\t\t\t\t\t<\/div>\n\t\t\t\t<\/div>\n\t\t\t\t<\/div>\n\t\t\t\t\t<\/div>\n\t\t\t\t<\/div>\n\t\t<div class=\"elementor-element elementor-element-c9fd862 e-flex e-con-boxed e-con e-parent\" data-id=\"c9fd862\" data-element_type=\"container\" data-e-type=\"container\">\n\t\t\t\t\t<div class=\"e-con-inner\">\n\t\t<div class=\"elementor-element elementor-element-0ec2b30 e-con-full e-flex e-con e-child\" data-id=\"0ec2b30\" data-element_type=\"container\" data-e-type=\"container\" data-settings=\"{&quot;background_background&quot;:&quot;classic&quot;}\">\n\t\t\t\t<div class=\"elementor-element elementor-element-205a569 elementor-widget elementor-widget-heading\" data-id=\"205a569\" data-element_type=\"widget\" data-e-type=\"widget\" data-widget_type=\"heading.default\">\n\t\t\t\t<div class=\"elementor-widget-container\">\n\t\t\t\t\t<h6 class=\"elementor-heading-title elementor-size-default\">8. Gerichtsstand<\/h6>\t\t\t\t<\/div>\n\t\t\t\t<\/div>\n\t\t\t\t<div class=\"elementor-element elementor-element-17f00be elementor-widget elementor-widget-text-editor\" data-id=\"17f00be\" data-element_type=\"widget\" data-e-type=\"widget\" data-widget_type=\"text-editor.default\">\n\t\t\t\t<div class=\"elementor-widget-container\">\n\t\t\t\t\t\t\t\t\t<p><em>F\u00fcr den Gerichtsstand ist der Sitz des Auftragnehmers ma\u00dfgebend.<\/em><\/p>\t\t\t\t\t\t\t\t<\/div>\n\t\t\t\t<\/div>\n\t\t\t\t<\/div>\n\t\t\t\t\t<\/div>\n\t\t\t\t<\/div>\n\t\t<div class=\"elementor-element elementor-element-375ae79 e-flex e-con-boxed e-con e-parent\" data-id=\"375ae79\" data-element_type=\"container\" data-e-type=\"container\">\n\t\t\t\t\t<div class=\"e-con-inner\">\n\t\t<div class=\"elementor-element elementor-element-e25841e e-con-full e-flex e-con e-child\" data-id=\"e25841e\" data-element_type=\"container\" data-e-type=\"container\" data-settings=\"{&quot;background_background&quot;:&quot;classic&quot;}\">\n\t\t\t\t<div class=\"elementor-element elementor-element-a055ad8 elementor-widget elementor-widget-heading\" data-id=\"a055ad8\" data-element_type=\"widget\" data-e-type=\"widget\" data-widget_type=\"heading.default\">\n\t\t\t\t<div class=\"elementor-widget-container\">\n\t\t\t\t\t<h6 class=\"elementor-heading-title elementor-size-default\">9. Salvatorische Klausel<\/h6>\t\t\t\t<\/div>\n\t\t\t\t<\/div>\n\t\t\t\t<div class=\"elementor-element elementor-element-04f8a2c elementor-widget elementor-widget-text-editor\" data-id=\"04f8a2c\" data-element_type=\"widget\" data-e-type=\"widget\" data-widget_type=\"text-editor.default\">\n\t\t\t\t<div class=\"elementor-widget-container\">\n\t\t\t\t\t\t\t\t\t<p><em>Sind einzelne Bestimmungen dieses Vertrages unwirksam, so hat das nicht die Unwirksamkeit der \u00fcbrigen<\/em><\/p><p><em>Bestimmungen des Vertrages zur Folge.<\/em><\/p>\t\t\t\t\t\t\t\t<\/div>\n\t\t\t\t<\/div>\n\t\t\t\t<\/div>\n\t\t\t\t\t<\/div>\n\t\t\t\t<\/div>\n\t\t<div class=\"elementor-element elementor-element-a27a97b e-flex e-con-boxed e-con e-parent\" data-id=\"a27a97b\" data-element_type=\"container\" data-e-type=\"container\">\n\t\t\t\t\t<div class=\"e-con-inner\">\n\t\t<div class=\"elementor-element elementor-element-2ce2b55 e-con-full e-flex e-con e-child\" data-id=\"2ce2b55\" data-element_type=\"container\" data-e-type=\"container\" data-settings=\"{&quot;background_background&quot;:&quot;classic&quot;}\">\n\t\t\t\t<div class=\"elementor-element elementor-element-1c3e38c elementor-widget elementor-widget-heading\" data-id=\"1c3e38c\" data-element_type=\"widget\" data-e-type=\"widget\" data-widget_type=\"heading.default\">\n\t\t\t\t<div class=\"elementor-widget-container\">\n\t\t\t\t\t<h6 class=\"elementor-heading-title elementor-size-default\">10. Rechtsauswahl<\/h6>\t\t\t\t<\/div>\n\t\t\t\t<\/div>\n\t\t\t\t<div class=\"elementor-element elementor-element-13a42cb elementor-widget elementor-widget-text-editor\" data-id=\"13a42cb\" data-element_type=\"widget\" data-e-type=\"widget\" data-widget_type=\"text-editor.default\">\n\t\t\t\t<div class=\"elementor-widget-container\">\n\t\t\t\t\t\t\t\t\t<p><em>Dieser Vertrag untersteht dem Recht der Bundesrepublik Deutschland<\/em><\/p>\t\t\t\t\t\t\t\t<\/div>\n\t\t\t\t<\/div>\n\t\t\t\t<\/div>\n\t\t\t\t\t<\/div>\n\t\t\t\t<\/div>\n\t\t\t\t<\/div>\n\t\t","protected":false},"excerpt":{"rendered":"<p>ALLGEMEINE GESCH\u00c4FTSBEDINGUNGEN 1. T\u00e4tigkeit Der Auftragnehmer verpflichtet sich zur ordnungsgem\u00e4\u00dfen und fachgerechten Erbringung der Leistung. Er ist dabei den Standards und Positionen der Deutschen Gesellschaft f\u00fcr Familientherapie (DGSF) und \u00a0der Systemischen Gesellschaft (SG) verpflichtet. 2. Schweigepflicht, Datenschutz Der gesamte Therapie-, Beratungs- oder Supervisionsprozess unterliegt der Schweigepflicht. Auch der\/die Auftraggeber*in darf weder den Beratungsprozess noch Teile [&hellip;]<\/p>\n","protected":false},"author":1,"featured_media":0,"parent":0,"menu_order":0,"comment_status":"closed","ping_status":"closed","template":"","meta":{"om_disable_all_campaigns":false,"_monsterinsights_skip_tracking":false,"_monsterinsights_sitenote_active":false,"_monsterinsights_sitenote_note":"","_monsterinsights_sitenote_category":0,"footnotes":""},"class_list":["post-1029","page","type-page","status-publish","hentry"],"aioseo_notices":[],"_links":{"self":[{"href":"https:\/\/hamme-solutions.eu\/index.php\/wp-json\/wp\/v2\/pages\/1029","targetHints":{"allow":["GET"]}}],"collection":[{"href":"https:\/\/hamme-solutions.eu\/index.php\/wp-json\/wp\/v2\/pages"}],"about":[{"href":"https:\/\/hamme-solutions.eu\/index.php\/wp-json\/wp\/v2\/types\/page"}],"author":[{"embeddable":true,"href":"https:\/\/hamme-solutions.eu\/index.php\/wp-json\/wp\/v2\/users\/1"}],"replies":[{"embeddable":true,"href":"https:\/\/hamme-solutions.eu\/index.php\/wp-json\/wp\/v2\/comments?post=1029"}],"version-history":[{"count":34,"href":"https:\/\/hamme-solutions.eu\/index.php\/wp-json\/wp\/v2\/pages\/1029\/revisions"}],"predecessor-version":[{"id":1063,"href":"https:\/\/hamme-solutions.eu\/index.php\/wp-json\/wp\/v2\/pages\/1029\/revisions\/1063"}],"wp:attachment":[{"href":"https:\/\/hamme-solutions.eu\/index.php\/wp-json\/wp\/v2\/media?parent=1029"}],"curies":[{"name":"wp","href":"https:\/\/api.w.org\/{rel}","templated":true}]}}